1 - 2)*(0 + -50). Suppose -2509 = 329*y - 9089. What is the highest common divisor of y and l?
10
Let o(m) = -6*m - 49. Let s be o(-9). Suppose l - 40 - 213 = -s*b, 473 = 2*l - b. What is the highest common divisor of l and 17?
17
Let n = 289 + -149. Calculate the greatest common divisor of 30 and n.
10
Suppose 0 = -5*z - 35 + 275. Let a = z + -43. What is the greatest common divisor of 15 and a?
5
Let z = -5 + 8. Let r(o) = -4*o**3 + o**2 + o + 1. Let l be r(-1). Suppose 4*d - j = 399, -6*d = -z*d + l*j - 282. What is the highest common factor of 9 and d?
9
Let b(m) = 7*m**3 - 3*m**2 - 6*m + 4. Let l(j) = j - 5. Let q be l(9). Let o be b(q). Calculate the highest common divisor of o and 38.
38
Suppose -2*m + 276 = -0*m + 2*g, 4*m = 5*g + 597. Suppose -26 = -4*q + 18. Calculate the highest common divisor of m and q.
11
Let s = 2547 + -1746. Calculate the greatest common divisor of s and 9.
9
Suppose 1 = 2*w - 1. Let m(i) = -i + 1. Let u be m(-5). Let o be u + -1 - (-24)/6. Calculate the highest common factor of w and o.
1
Suppose -3*y - 34 = -43. What is the highest common factor of 39 and y?
3
Suppose -13*m = -5*m - 24. Let q be (-6056)/(-12) - 1/m*-4. Calculate the greatest common factor of q and 46.
46
Let i be (736/20)/(2/5). Suppose 7*u - 3*u - i = 0. Calculate the highest common divisor of 23 and u.
23
Let o(b) = -8*b + 42. Let w be o(7). Let k(v) = -v**2 + 9*v - 4. Let c be k(9). Let x = c - w. What is the highest common divisor of x and 4?
2
Let w be (-200)/5*(-4)/10. Suppose -26 + 24 = -c. Suppose -2*b = -4*l + c*b, l - 24 = -5*b. Calculate the highest common divisor of w and l.
4
Let u be (4/8)/(2/180). Suppose -6*l = -3*l - u. Suppose 3*r - 2*q = 20, -2*r - 5 = 15*q - 20*q. What is the greatest common divisor of l and r?
5
Let v be (-58024)/(-28) - (-3 - (-23)/7). Calculate the highest common factor of 148 and v.
148
Let r(y) = 7*y**3 + 1. Suppose 8*g = 7*g + 4. Suppose 2*p - 4 = -u, g*p + 6 = 5*u - 0. Let d be r(p). Calculate the highest common factor of 48 and d.
8
Let v(l) = -26*l - 165. Let h be v(-7). What is the greatest common divisor of 272 and h?
17
Let o = 866 + -788. Calculate the greatest common factor of o and 1.
1
Suppose -972 - 1537 = -w. What is the greatest common factor of 13 and w?
13
Let x be (-1)/(2/8) + 4. Let y be ((-1183)/14)/13*(x - 22). What is the greatest common factor of y and 11?
11
Let f be 54/135 - (-23)/5. Calculate the highest common factor of f and 55.
5
Let g(w) = 8*w**2 - 8*w + 2. Let q be g(-4). Suppose m - 2*m - 6 = 0. Let p = q + m. Calculate the greatest common divisor of p and 26.
26
Let s be (((-44)/(-8))/((-3)/6))/(-1). Let k(j) = -j**3 + 12*j**2 - j + 4. Let b be k(s). Calculate the greatest common factor of 6 and b.
6
Let k = 136 + -66. Suppose -6*v = 4*v - k. Calculate the highest common factor of 7 and v.
7
Let j = -751 - -1183. Calculate the highest common factor of j and 96.
48
Let u be 172/1806 + (-6716)/(-42). What is the highest common factor of u and 120?
40
Suppose -9 = 3*r - 6*r. Suppose 196 = r*p + p. Calculate the highest common divisor of 7 and p.
7
Let l be -24*(-2)/3 - -2. Suppose 24*b - 594 = 21*b. Suppose -x = -u + 214 - 16, u + 4*x - b = 0. What is the greatest common divisor of u and l?
18
Let i(u) = u**3 - 9*u**2 + u - 9. Let o be i(9). Suppose o*y - 25 = -5*y. Suppose -1 = y*r - 51. What is the highest common divisor of 110 and r?
10
Suppose -k + 6 = 2*p + k, -2*p = -4*k - 24. Let o be (-4)/(-10) - (12 + (-1180)/50). Calculate the highest common divisor of o and p.
6
Let b(u) = 96*u**2 - 13*u + 1. Let p be b(1). Calculate the greatest common factor of 28 and p.
28
Let u = -6 - -21. Let r be (-36)/(-252) - (-69)/7. Calculate the greatest common factor of r and u.
5
Suppose -11*w + 3*w + 24 = 0. Suppose 5*c - 35 = 3*z, w*c - 2*z - 2*z - 21 = 0. Calculate the greatest common factor of c and 63.
7
Let y = 18 - 13. Suppose q - 5*q = 12, -3*q = 5*t - 416. Suppose -4*d - j = -435, -d - t = -2*d - y*j. Calculate the greatest common factor of d and 10.
10
Let i be 5*606/30 + -6. What is the greatest common divisor of 19 and i?
19
Let x be ((-7536)/15)/(35/(-175)). Calculate the highest common divisor of x and 16.
16
Let d = 62 - 35. Let w = d + -21. Let b = 28 + 14. Calculate the highest common factor of w and b.
6
Let g = -35 + 16. Let w = g - -29. Calculate the greatest common divisor of 30 and w.
10
Let f = 18 - -266. What is the greatest common divisor of 8 and f?
4
Let r = -20 - -30. Let b be 5056/46 + (-84)/(-966). Calculate the highest common factor of b and r.
10
Let x(q) = -q**3 - 8*q**2 + 62*q - 24. Let b be x(-13). Calculate the highest common factor of b and 1275.
15
Suppose 0 = -8*j + 36*j - 364. Let b(q) = -27*q - 2. Let z be b(-2). What is the highest common divisor of j and z?
13
Let b = 150 - 306. Let d = b - -228. Let z = 25 + -13. What is the highest common factor of d and z?
12
Suppose -l - 3 = 0, -3*l = -3*m - m + 109. Let p be (m/50)/(1/80). What is the greatest common factor of p and 16?
8
Suppose -5*l + 4 = -z, 2*z - 7*l - 16 = -3*l. Suppose -z*u + 1202 = 482. Let r be (-6)/((-2)/3 + 0). Calculate the greatest common factor of r and u.
9
Let a(o) be the first derivative of -19*o**4/2 - o**3 - o**2 - o - 16. Let d be a(-1). Calculate the highest common factor of 18 and d.
18
Let f = -236 - -610. Calculate the highest common factor of 272 and f.
34
Suppose -65 = -6*k + 1. Let n(u) = -u**3 + 13*u**2 - 11*u - 16. Let b be n(k). Let v be -8*(4 + b/(-20)). Calculate the greatest common divisor of 2 and v.
2
Let q = -235 - -250. Calculate the greatest common factor of q and 40.
5
Suppose 0 = o + 3*o - 376. Suppose 6*z - o = 500. What is the greatest common divisor of z and 22?
11
Let s(k) = 2*k**2 - k - 3. Let d be s(-3). Let c = 69 + 15. Suppose 3*j + 23 = 2*x - 58, -2*j - c = -2*x. What is the highest common divisor of d and x?
9
Suppose 0 = -s + 3 - 2. Suppose -d + s + 3 = 0. Suppose 3*j + 3*l = 24, l - 34 = -3*j - d*l. What is the greatest common factor of 24 and j?
3
Suppose l - 11 = 2*k, 3*k + 16 = -k. Suppose -6*b + 3*b - 4*w + 778 = 0, l*b = 2*w + 808. Calculate the highest common divisor of b and 38.
38
Suppose -4*j = -5*l - 23 + 58, l + 2 = -j. Let x be l/(12/(-2))*-26. Calculate the highest common factor of x and 91.
13
Suppose -14*u - 12*u + 312 = 0. Calculate the highest common factor of 111 and u.
3
Let b be (-9)/6*8/4. Let i be (-13)/b - (-10)/15. Calculate the greatest common factor of i and 2.
1
Let o(h) be the second derivative of h**5/20 + 3*h**4/4 + 5*h**3/6 - 4*h**2 - 3*h. Let k be o(-7). What is the highest common divisor of 11 and k?
11
Suppose -3*m + 65 = -2*r - 255, 2*m + 3*r - 209 = 0. Suppose 2*w = 14 + m. Let a(q) = -24*q**3. Let i be a(-1). What is the highest common divisor of w and i?
12
Suppose -19 = -5*d + 1. Let w(t) = t**2 + 2*t + 2. Let a be w(-4). What is the highest common divisor of a and d?
2
Suppose -9*z + 253 = -287. Calculate the highest common divisor of z and 80.
20
Suppose -1 = -b - 2. Let l be 1/(-1)*-3 + b. Suppose l*j - 42 - 84 = 0. What is the greatest common divisor of j and 42?
21
Let a be 43/((-28)/8 + 4). Let p = 128 - a. What is the greatest common divisor of p and 21?
21
Suppose 60 = 4*z - 8. Suppose l - 3*y + 5 = 3, 4*l = 2*y - 48. Let p = l + z. Calculate the highest common factor of 3 and p.
3
Suppose 3*i = 2*z + 8 - 31, 22 = z - 5*i. Let x be 861/9 - 2/(-6). Let a be x/(-12)*(-14)/4. What is the highest common divisor of a and z?
7
Let d = 18 + -23. Let y be ((-2)/d)/((-2)/(-200)). What is the greatest common divisor of 50 and y?
10
Let f = 81 - 7. Calculate the greatest common factor of 2 and f.
2
Suppose k - 88 + 13 = -3*j, -j = -k - 21. What is the greatest common factor of 8 and j?
8
Suppose -8*u = 549 + 147. Let v = -37 - u. What is the highest common divisor of 300 and v?
50
Suppose -16*d = -6*d - 770. Let n(l) = -l**3 - 9*l**2 - 17*l - 10. Let o be n(-7). Calculate the highest common factor of o and d.
11
Suppose -2*c = 8, 5*s + c = -0*c - 24. Let x be 104/14*(-14)/s. Let v be (24/(-9))/((-1)/78). What is the highest common divisor of x and v?
26
Suppose -r - 4*y - 11 = 0, 52 = 3*r - 47*y + 42*y. Let x be 1/(-1 - 0 - -2). What is the highest common divisor of r and x?
1
Suppose -5*n - 4*d